{"id":239,"date":"2020-12-01T14:21:13","date_gmt":"2020-12-01T14:21:13","guid":{"rendered":"https:\/\/hofgut-brauenberg.com\/?page_id=239"},"modified":"2024-10-24T11:29:27","modified_gmt":"2024-10-24T09:29:27","slug":"esel","status":"publish","type":"page","link":"https:\/\/www.hofgut-braunenberg.de\/index.php\/bewohner\/esel\/","title":{"rendered":"Esel"},"content":{"rendered":"<h1>Unsere Esel<\/h1>\n<hr>\n<div>\n<p>Die Geschichte vom Braunenberg f\u00e4ngt bei Frederic an. Der sanftm\u00fctige Riese, den die Gr\u00fcnderin der Tierheimat Frederic &#8211; Katharina B\u00fcttiker &#8211; einst vor dem Einschl\u00e4fern bewahrt hat, ist die treue Seele auf dem Braunenberg. 2009 wurde die Tierheimat Frederic gegr\u00fcndet und mittlerweile verbringen 20 Esel ein fr\u00f6hliches und artgerechtes Leben in der Herde. Als soziale Tiere genie\u00dfen sie den Kontakt zu ihren Artgenossen und gehen enge Bindungen ein. Besonders sch\u00f6n ist das zu sehen, wenn die neugierigen und verspielten Tiere ausgelassen miteinander spielen und das Fell gegenseitig pflegen.<\/p>\n<\/div>\n<ul>\n<li>\n<p>        <img decoding=\"async\" src=\"\/wp-content\/uploads\/2021\/01\/Frederic_01.jpg\" alt=\"\"><\/p>\n<p><img decoding=\"async\" src=\"\/wp-content\/uploads\/2021\/01\/Frederic_02.jpg\" alt=\"\"><\/p>\n<h2>Frederic<\/h2>\n<div>\n<p><strong>Rasse:<\/strong> Poitou-Mix Esel<br \/><strong>Geboren:<\/strong> 2001<br \/>\u00a0<\/p>\n<\/div>\n<\/li>\n<li>\n<p>        <img decoding=\"async\" src=\"\/wp-content\/uploads\/2021\/01\/esel-alf-auf-dem-hofgut-braunenberg.jpg\" alt=\"\"><\/p>\n<h2>Alf<\/h2>\n<div>\n<p><strong>Rasse: <\/strong>Kleiner Hausesel<br \/><strong>Geboren: <\/strong>2007<\/p>\n<p>Wir danken Alfs Paten Philipp aus der Esel-AG\u00a0 \u2665-lich f\u00fcr die Unterst\u00fctzung!<\/p>\n<\/p>\n<\/div>\n<p><a href=\"#2\"><\/a><\/p>\n<\/li>\n<li>\n<p>        <img decoding=\"async\" src=\"\/wp-content\/uploads\/2021\/01\/esel-casimir-auf-dem-hofgut-braunenberg.jpg\" alt=\"\"><\/p>\n<h2>Casimir<\/h2>\n<div>\n<p><strong>Rasse:<\/strong> Kleiner Hausesel<br \/><strong>Geboren:<\/strong> 2007<br \/>\u00a0<\/p>\n<\/div>\n<p><a href=\"#2\"><\/a><\/p>\n<\/li>\n<li>\n<p>        <img decoding=\"async\" src=\"\/wp-content\/uploads\/2021\/01\/esel-cassandra-auf-dem-hofgut-braunenberg.jpg\" alt=\"\"><\/p>\n<h2>Cassandra<\/h2>\n<div>\n<p><strong>Rasse:<\/strong> Kleiner Hausesel<br \/><strong>Geboren:<\/strong> 2008 <\/p>\n<\/div>\n<p><a href=\"#2\"><\/a><\/p>\n<\/li>\n<li>\n<p>        <img decoding=\"async\" src=\"\/wp-content\/uploads\/2021\/01\/Fortunato_HofgutBraunenberg_01.jpg\" alt=\"\"><\/p>\n<p><img decoding=\"async\" src=\"\/wp-content\/uploads\/2021\/01\/Fortunato_HofgutBraunenberg_02.jpg\" alt=\"\"><\/p>\n<h2>Fortunato<\/h2>\n<div>\n<p><strong>Rasse:<\/strong> Grauer Hausesel<br \/><strong>Geboren:<\/strong> 2008<br \/>\u00a0<\/p>\n<\/div>\n<p><a href=\"#2\"><\/a><\/p>\n<\/li>\n<li>\n<p>        <img decoding=\"async\" src=\"\/wp-content\/uploads\/2021\/01\/Geronimo_HofgutBraunenberg_01.jpg\" alt=\"\"><\/p>\n<h2>Geronimo<\/h2>\n<div>\n<p><strong>Rasse:<\/strong> kleiner Hauseselmix<br \/><strong>Geboren:<\/strong> 2005<br \/>&nbsp;<\/p>\n<\/div>\n<p><a href=\"#2\"><\/a><\/p>\n<\/li>\n<li>\n<p>        <img decoding=\"async\" src=\"\/wp-content\/uploads\/2021\/01\/esel-giacomo-auf-dem-hofgut-braunenberg.jpg\" alt=\"\"><\/p>\n<h2>Giacomo<\/h2>\n<div>\n<p><strong>Rasse:<\/strong> grauer Hausesel<br \/><strong>Geboren:<\/strong> 2008<br \/>&nbsp;<\/p>\n<\/div>\n<p><a href=\"#2\"><\/a><\/p>\n<\/li>\n<li>\n<p>        <img decoding=\"async\" src=\"\/wp-content\/uploads\/2021\/01\/esel-hagen-auf-dem-hofgut-braunenberg.jpg\" alt=\"\"><\/p>\n<h2>Hagen<\/h2>\n<div>\n<p><strong>Rasse:<\/strong> kleiner Hausesel<br \/><strong>Geboren:<\/strong> 2001<br \/>&nbsp;<\/p>\n<\/div>\n<p><a href=\"#2\"><\/a><\/p>\n<\/li>\n<li>\n<p>        <img decoding=\"async\" src=\"\/wp-content\/uploads\/2021\/01\/Hedda_HofgutBraunenberg_01.jpg\" alt=\"\"><\/p>\n<p><img decoding=\"async\" src=\"\/wp-content\/uploads\/2021\/01\/Hedda_HofgutBraunenberg_02.jpg\" alt=\"\"><\/p>\n<h2>Hedda<\/h2>\n<div>\n<p><strong>Rasse:<\/strong> kleiner Hausesel<br \/><strong>Geboren:<\/strong> 2001<br \/>&nbsp;<\/p>\n<\/div>\n<\/li>\n<li>\n<p>        <img decoding=\"async\" src=\"\/wp-content\/uploads\/2021\/01\/esel-mizio-auf-dem-hofgut-braunenberg.jpg\" alt=\"\"><\/p>\n<h2>Mizio<\/h2>\n<div>\n<p><strong>Rasse:<\/strong> Mittelgrosser Esel<br \/><strong>Geboren:<\/strong> 1992<br \/>&nbsp;<\/p>\n<\/div>\n<\/li>\n<li>\n<p>        <img decoding=\"async\" src=\"\/wp-content\/uploads\/2021\/01\/esel-mou-mou-auf-dem-hofgut-braunenberg.jpg\" alt=\"\"><\/p>\n<h2>Mou-Mou<\/h2>\n<div>\n<p><strong>Rasse:<\/strong> Irischer Hausesel<br \/><strong>Geboren:<\/strong> 1998<br \/>&nbsp;<\/p>\n<\/div>\n<\/li>\n<li>\n<p>        <img decoding=\"async\" src=\"\/wp-content\/uploads\/2021\/01\/esel-odyssee-auf-dem-hofgut-braunenberg.jpg\" alt=\"\"><\/p>\n<h2>Odyssee<\/h2>\n<div>\n<p><strong>Rasse:<\/strong> Kleiner Hausesel<br \/><strong>Geboren:<\/strong> 2005<br \/>&nbsp;<\/p>\n<\/div>\n<\/li>\n<li>\n<p>        <img decoding=\"async\" src=\"\/wp-content\/uploads\/2021\/01\/esel-risonante-auf-dem-hofgut-braunenberg.jpg\" alt=\"\"><\/p>\n<h2>Risonante<\/h2>\n<div>\n<p><strong>Rasse:<\/strong> Grauer, kleiner Hausesel<br \/><strong>Geboren:<\/strong> 2006<br \/>&nbsp;<\/p>\n<\/div>\n<\/li>\n<li>\n<p>        <img decoding=\"async\" src=\"\/wp-content\/uploads\/2021\/01\/Rosalie_HofgutBraunenberg_01.jpg\" alt=\"\"><\/p>\n<h2>Rosalie<\/h2>\n<div>\n<p><strong>Rasse:<\/strong> Kleiner Hausesel<br \/><strong>Geboren:<\/strong> 2009<br \/>&nbsp;<\/p>\n<\/div>\n<\/li>\n<li>\n<p>        <img decoding=\"async\" src=\"\/wp-content\/uploads\/2021\/02\/esel-scapa-auf-dem-hofgut-braunenberg.jpg\" alt=\"\"><\/p>\n<h2>Scapa<\/h2>\n<div>\n<p><strong>Rasse:<\/strong> Brauner Kleinesel<br \/><strong>Geboren:<\/strong> 2012<br \/>&nbsp;<\/p>\n<\/div>\n<\/li>\n<li>\n<p>        <img decoding=\"async\" src=\"\/wp-content\/uploads\/2021\/02\/esel-ted-auf-dem-hofgut-braunenberg.jpg\" alt=\"\"><\/p>\n<h2>Ted<\/h2>\n<div>\n<p><strong>Rasse:<\/strong> Brauner Kleinesel<br \/><strong>Geboren:<\/strong> 2012<br \/>&nbsp;<\/p>\n<\/div>\n<\/li>\n<li>\n<p>        <img decoding=\"async\" src=\"\/wp-content\/uploads\/2021\/02\/esel-thea-auf-dem-hofgut-braunenberg.jpg\" alt=\"\"><\/p>\n<h2>Thea<\/h2>\n<div>\n<p><strong>Rasse:<\/strong> Grauer Hausesel<br \/><strong>Geboren:<\/strong> 1998<br \/>&nbsp;<\/p>\n<\/div>\n<\/li>\n<li>\n<p>        <img decoding=\"async\" src=\"\/wp-content\/uploads\/2021\/02\/Tony_HofgutBraunenberg_01.jpg\" alt=\"\"><\/p>\n<p><img decoding=\"async\" src=\"\/wp-content\/uploads\/2021\/02\/Tony_HofgutBraunenberg_02.jpg\" alt=\"\"><\/p>\n<h2>Tony<\/h2>\n<div>\n<p><strong>Rasse:<\/strong> Hausesel<br \/><strong>Geboren:<\/strong> 2001<br \/>&nbsp;<\/p>\n<\/div>\n<\/li>\n<li>\n<p>        <img decoding=\"async\" src=\"\/wp-content\/uploads\/2023\/11\/Ypsilon-1.jpg\" alt=\"\"><\/p>\n<h2>Ypsilon<\/h2>\n<div>\n<p><strong>Rasse:<\/strong> unbekannt<\/p>\n<p><strong>Geboren:<\/strong> 2008<\/p>\n<\/div>\n<\/li>\n<\/ul>\n<p><!--more--><br \/>\n<!-- {\"name\":\"Services\",\"type\":\"layout\",\"children\":[{\"name\":\"Hero\",\"type\":\"section\",\"props\":{\"image_position\":\"center-center\",\"padding\":\"large\",\"style\":\"default\",\"title\":\"\",\"title_breakpoint\":\"l\",\"title_position\":\"top-right\",\"title_rotation\":\"left\",\"vertical_align\":\"middle\",\"width\":\"xlarge\"},\"children\":[{\"name\":\"\",\"type\":\"row\",\"children\":[{\"name\":\"\",\"type\":\"column\",\"props\":{\"image_position\":\"center-center\",\"media_overlay_gradient\":\"\",\"position_sticky_breakpoint\":\"m\",\"width_medium\":\"1-1\"},\"children\":[{\"type\":\"headline\",\"props\":{\"content\":\"Unsere Esel\",\"text_align\":\"center\",\"title_element\":\"h1\"}},{\"type\":\"divider\",\"props\":{\"divider_element\":\"hr\",\"divider_style\":\"icon\"}},{\"type\":\"text\",\"props\":{\"animation\":\"none\",\"column_breakpoint\":\"m\",\"content\":\"\n\n<p><br \\\/>Die Geschichte vom Braunenberg f\\u00e4ngt bei Frederic an. Der sanftm\\u00fctige Riese, den die Gr\\u00fcnderin der Tierheimat Frederic - Katharina B\\u00fcttiker - einst vor dem Einschl\\u00e4fern bewahrt hat, ist die treue Seele auf dem Braunenberg. 2009 wurde die Tierheimat Frederic gegr\\u00fcndet und mittlerweile verbringen 20 Esel ein fr\\u00f6hliches und artgerechtes Leben in der Herde. Als soziale Tiere genie\\u00dfen sie den Kontakt zu ihren Artgenossen und gehen enge Bindungen ein. Besonders sch\\u00f6n ist das zu sehen, wenn die neugierigen und verspielten Tiere ausgelassen miteinander spielen und das Fell gegenseitig pflegen.<\\\/p>\",\"margin\":\"default\"}}]}]}]},{\"name\":\"Services\",\"type\":\"section\",\"props\":{\"animation_delay\":false,\"image_position\":\"center-center\",\"padding\":\"xsmall\",\"padding_remove_bottom\":false,\"padding_remove_top\":false,\"style\":\"default\",\"title\":\"\",\"title_breakpoint\":\"s\",\"title_position\":\"top-right\",\"title_rotation\":\"left\",\"vertical_align\":\"middle\",\"width\":\"\"},\"children\":[{\"name\":\"\",\"type\":\"row\",\"props\":{\"margin_remove_bottom\":false,\"margin_remove_top\":false},\"children\":[{\"name\":\"\",\"type\":\"column\",\"props\":{\"image_position\":\"center-center\",\"media_overlay_gradient\":\"\",\"position_sticky_breakpoint\":\"m\",\"width_medium\":\"1-1\"},\"children\":[{\"name\":\"\",\"type\":\"gallery\",\"props\":{\"animation\":\"none\",\"filter_align\":\"left\",\"filter_all\":true,\"filter_grid_breakpoint\":\"m\",\"filter_grid_width\":\"auto\",\"filter_position\":\"top\",\"filter_style\":\"tab\",\"grid_column_gap\":\"medium\",\"grid_default\":\"1\",\"grid_divider\":false,\"grid_masonry\":false,\"grid_medium\":\"4\",\"grid_row_align\":true,\"grid_row_gap\":\"medium\",\"grid_small\":\"2\",\"grid_xlarge\":\"5\",\"image_height\":\"857\",\"image_transition\":\"scale-up\",\"image_width\":\"678\",\"item_animation\":true,\"link_style\":\"default\",\"link_text\":\"\",\"margin\":\"\",\"meta_align\":\"below-title\",\"meta_element\":\"div\",\"meta_style\":\"\",\"overlay_hover\":true,\"overlay_link\":true,\"overlay_maxwidth\":\"2xlarge\",\"overlay_mode\":\"caption\",\"overlay_padding\":\"none\",\"overlay_position\":\"bottom-center\",\"overlay_style\":\"overlay-default\",\"overlay_transition\":\"fade\",\"parallax_easing\":\"1\",\"show_content\":true,\"show_hover_image\":true,\"show_link\":true,\"show_meta\":true,\"show_title\":true,\"text_align\":\"center\",\"text_color\":\"\",\"title_element\":\"h2\",\"title_hover_style\":\"reset\"},\"children\":[{\"name\":\"\",\"type\":\"gallery_item\",\"props\":{\"content\":\"\n\n<p><strong>Rasse:<\\\/strong> Poitou-Mix Esel<br \\\/><strong>Geboren:<\\\/strong> 2001<br \\\/>\\u00a0<\\\/p>\",\"hover_image\":\"wp-content\\\/uploads\\\/2021\\\/01\\\/Frederic_02.jpg\",\"image\":\"wp-content\\\/uploads\\\/2021\\\/01\\\/Frederic_01.jpg\",\"link\":\"\",\"meta\":\"\",\"title\":\"Frederic\"}},{\"name\":\"\",\"type\":\"gallery_item\",\"props\":{\"content\":\"\n\n<p><strong>Rasse: <\\\/strong>Kleiner Hausesel<br \\\/><strong>Geboren: <\\\/strong>2007<\\\/p>\\n\n\n<p>Wir danken Alfs Paten Philipp aus der Esel-AG\\u00a0 \\u2665-lich f\\u00fcr die Unterst\\u00fctzung!<\\\/p>\\n\n\n<p><\\\/p>\",\"image\":\"wp-content\\\/uploads\\\/2021\\\/01\\\/esel-alf-auf-dem-hofgut-braunenberg.jpg\",\"link\":\"#2\",\"title\":\"Alf\"}},{\"name\":\"\",\"type\":\"gallery_item\",\"props\":{\"content\":\"\n\n<p><strong>Rasse:<\\\/strong> Kleiner Hausesel<br \\\/><strong>Geboren:<\\\/strong> 2007<br \\\/>\\u00a0<\\\/p>\",\"image\":\"wp-content\\\/uploads\\\/2021\\\/01\\\/esel-casimir-auf-dem-hofgut-braunenberg.jpg\",\"link\":\"#2\",\"title\":\"Casimir\"}},{\"name\":\"\",\"type\":\"gallery_item\",\"props\":{\"content\":\"\n\n<p><strong>Rasse:<\\\/strong> Kleiner Hausesel<br \\\/><strong>Geboren:<\\\/strong> 2008<br \\\/> <\\\/p>\",\"image\":\"wp-content\\\/uploads\\\/2021\\\/01\\\/esel-cassandra-auf-dem-hofgut-braunenberg.jpg\",\"link\":\"#2\",\"title\":\"Cassandra\"}},{\"name\":\"\",\"type\":\"gallery_item\",\"props\":{\"content\":\"\n\n<p><strong>Rasse:<\\\/strong> Grauer Hausesel<br \\\/><strong>Geboren:<\\\/strong> 2008<br \\\/>\\u00a0<\\\/p>\",\"hover_image\":\"wp-content\\\/uploads\\\/2021\\\/01\\\/Fortunato_HofgutBraunenberg_02.jpg\",\"image\":\"wp-content\\\/uploads\\\/2021\\\/01\\\/Fortunato_HofgutBraunenberg_01.jpg\",\"link\":\"#2\",\"title\":\"Fortunato\"}},{\"name\":\"\",\"type\":\"gallery_item\",\"props\":{\"content\":\"\n\n<p><strong>Rasse:<\\\/strong> kleiner Hauseselmix<br \\\/><strong>Geboren:<\\\/strong> 2005<br \\\/>&nbsp;<\\\/p>\",\"image\":\"wp-content\\\/uploads\\\/2021\\\/01\\\/Geronimo_HofgutBraunenberg_01.jpg\",\"link\":\"#2\",\"title\":\"Geronimo\"}},{\"name\":\"\",\"type\":\"gallery_item\",\"props\":{\"content\":\"\n\n<p><strong>Rasse:<\\\/strong> grauer Hausesel<br \\\/><strong>Geboren:<\\\/strong> 2008<br \\\/>&nbsp;<\\\/p>\",\"image\":\"wp-content\\\/uploads\\\/2021\\\/01\\\/esel-giacomo-auf-dem-hofgut-braunenberg.jpg\",\"link\":\"#2\",\"title\":\"Giacomo\"}},{\"name\":\"\",\"type\":\"gallery_item\",\"props\":{\"content\":\"\n\n<p><strong>Rasse:<\\\/strong> kleiner Hausesel<br \\\/><strong>Geboren:<\\\/strong> 2001<br \\\/>&nbsp;<\\\/p>\",\"image\":\"wp-content\\\/uploads\\\/2021\\\/01\\\/esel-hagen-auf-dem-hofgut-braunenberg.jpg\",\"link\":\"#2\",\"title\":\"Hagen\"}},{\"name\":\"\",\"type\":\"gallery_item\",\"props\":{\"content\":\"\n\n<p><strong>Rasse:<\\\/strong> kleiner Hausesel<br \\\/><strong>Geboren:<\\\/strong> ca. 1988<br \\\/>&nbsp;<\\\/p>\",\"image\":\"wp-content\\\/uploads\\\/2021\\\/01\\\/Hansi_HofgutBraunenberg_01.jpg\",\"link\":\"#2\",\"status\":\"disabled\",\"title\":\"Hansi\"}},{\"name\":\"\",\"type\":\"gallery_item\",\"props\":{\"content\":\"\n\n<p><strong>Rasse:<\\\/strong> kleiner Hausesel<br \\\/><strong>Geboren:<\\\/strong> 2001<br \\\/>&nbsp;<\\\/p>\",\"hover_image\":\"wp-content\\\/uploads\\\/2021\\\/01\\\/Hedda_HofgutBraunenberg_02.jpg\",\"image\":\"wp-content\\\/uploads\\\/2021\\\/01\\\/Hedda_HofgutBraunenberg_01.jpg\",\"link\":\"\",\"title\":\"Hedda\"}},{\"name\":\"\",\"type\":\"gallery_item\",\"props\":{\"content\":\"\n\n<p><strong>Rasse:<\\\/strong> Mittelgrosser Esel<br \\\/><strong>Geboren:<\\\/strong> 1992<br \\\/>&nbsp;<\\\/p>\",\"hover_image\":\"\",\"image\":\"wp-content\\\/uploads\\\/2021\\\/01\\\/esel-lucia-auf-dem-hofgut-braunenberg.jpg\",\"link\":\"\",\"status\":\"disabled\",\"title\":\"Lucia\"}},{\"name\":\"\",\"type\":\"gallery_item\",\"props\":{\"content\":\"\n\n<p><strong>Rasse:<\\\/strong> Mittelgrosser Esel<br \\\/><strong>Geboren:<\\\/strong> 1992<br \\\/>&nbsp;<\\\/p>\",\"hover_image\":\"\",\"image\":\"wp-content\\\/uploads\\\/2021\\\/01\\\/esel-mizio-auf-dem-hofgut-braunenberg.jpg\",\"link\":\"\",\"title\":\"Mizio\"}},{\"name\":\"\",\"type\":\"gallery_item\",\"props\":{\"content\":\"\n\n<p><strong>Rasse:<\\\/strong> Irischer Hausesel<br \\\/><strong>Geboren:<\\\/strong> 1998<br \\\/>&nbsp;<\\\/p>\",\"hover_image\":\"\",\"image\":\"wp-content\\\/uploads\\\/2021\\\/01\\\/esel-mou-mou-auf-dem-hofgut-braunenberg.jpg\",\"link\":\"\",\"title\":\"Mou-Mou\"}},{\"name\":\"\",\"type\":\"gallery_item\",\"props\":{\"content\":\"\n\n<p><strong>Rasse:<\\\/strong> Kleiner Hausesel<br \\\/><strong>Geboren:<\\\/strong> 2005<br \\\/>&nbsp;<\\\/p>\",\"hover_image\":\"\",\"image\":\"wp-content\\\/uploads\\\/2021\\\/01\\\/esel-odyssee-auf-dem-hofgut-braunenberg.jpg\",\"link\":\"\",\"title\":\"Odyssee\"}},{\"name\":\"\",\"type\":\"gallery_item\",\"props\":{\"content\":\"\n\n<p><strong>Rasse:<\\\/strong> Grauer, kleiner Hausesel<br \\\/><strong>Geboren:<\\\/strong> 2006<br \\\/>&nbsp;<\\\/p>\",\"hover_image\":\"\",\"image\":\"wp-content\\\/uploads\\\/2021\\\/01\\\/esel-risonante-auf-dem-hofgut-braunenberg.jpg\",\"link\":\"\",\"title\":\"Risonante\"}},{\"name\":\"\",\"type\":\"gallery_item\",\"props\":{\"content\":\"\n\n<p><strong>Rasse:<\\\/strong> Kleiner Hausesel<br \\\/><strong>Geboren:<\\\/strong> 2009<br \\\/>&nbsp;<\\\/p>\",\"hover_image\":\"\",\"image\":\"wp-content\\\/uploads\\\/2021\\\/01\\\/Rosalie_HofgutBraunenberg_01.jpg\",\"link\":\"\",\"title\":\"Rosalie\"}},{\"name\":\"\",\"type\":\"gallery_item\",\"props\":{\"content\":\"\n\n<p><strong>Rasse:<\\\/strong> Brauner Kleinesel<br \\\/><strong>Geboren:<\\\/strong> 2012<br \\\/>&nbsp;<\\\/p>\",\"hover_image\":\"\",\"image\":\"wp-content\\\/uploads\\\/2021\\\/02\\\/esel-scapa-auf-dem-hofgut-braunenberg.jpg\",\"link\":\"\",\"title\":\"Scapa\"}},{\"name\":\"\",\"type\":\"gallery_item\",\"props\":{\"content\":\"\n\n<p><strong>Rasse:<\\\/strong> Muli (Vater Esel, Mutter Pferd)<br \\\/><strong>Geboren:<\\\/strong> 2010<br \\\/>&nbsp;<\\\/p>\",\"hover_image\":\"\",\"image\":\"wp-content\\\/uploads\\\/2021\\\/02\\\/esel-spirit-auf-dem-hofgut-braunenberg.jpg\",\"link\":\"\",\"status\":\"disabled\",\"title\":\"Spirit\"}},{\"name\":\"\",\"type\":\"gallery_item\",\"props\":{\"content\":\"\n\n<p><strong>Rasse:<\\\/strong> Brauner Kleinesel<br \\\/><strong>Geboren:<\\\/strong> 2012<br \\\/>&nbsp;<\\\/p>\",\"hover_image\":\"\",\"image\":\"wp-content\\\/uploads\\\/2021\\\/02\\\/esel-ted-auf-dem-hofgut-braunenberg.jpg\",\"link\":\"\",\"title\":\"Ted\"}},{\"name\":\"\",\"type\":\"gallery_item\",\"props\":{\"content\":\"\n\n<p><strong>Rasse:<\\\/strong> Grauer Hausesel<br \\\/><strong>Geboren:<\\\/strong> 1998<br \\\/>&nbsp;<\\\/p>\",\"hover_image\":\"\",\"image\":\"wp-content\\\/uploads\\\/2021\\\/02\\\/esel-thea-auf-dem-hofgut-braunenberg.jpg\",\"link\":\"\",\"title\":\"Thea\"}},{\"name\":\"\",\"type\":\"gallery_item\",\"props\":{\"content\":\"\n\n<p><strong>Rasse:<\\\/strong> Hausesel<br \\\/><strong>Geboren:<\\\/strong> 2001<br \\\/>&nbsp;<\\\/p>\",\"hover_image\":\"wp-content\\\/uploads\\\/2021\\\/02\\\/Tony_HofgutBraunenberg_02.jpg\",\"image\":\"wp-content\\\/uploads\\\/2021\\\/02\\\/Tony_HofgutBraunenberg_01.jpg\",\"link\":\"\",\"title\":\"Tony\"}},{\"type\":\"gallery_item\",\"props\":{\"content\":\"\n\n<p><strong>Rasse:<\\\/strong> unbekannt<\\\/p>\\n\n\n<p><strong>Geboren:<\\\/strong> 2008<\\\/p>\",\"image\":\"wp-content\\\/uploads\\\/2023\\\/11\\\/Ypsilon-1.jpg\",\"title\":\"Ypsilon\"}}]}]}]}]}],\"version\":\"3.0.14\"} --><\/p>\n","protected":false},"excerpt":{"rendered":"<p>Unsere Esel Die Geschichte vom Braunenberg f\u00e4ngt bei Frederic an. Der sanftm\u00fctige Riese, den die Gr\u00fcnderin der Tierheimat Frederic &#8211; Katharina B\u00fcttiker &#8211; einst vor dem Einschl\u00e4fern bewahrt hat, ist die treue Seele auf dem Braunenberg. 2009 wurde die Tierheimat Frederic gegr\u00fcndet und mittlerweile verbringen 20 Esel ein fr\u00f6hliches und artgerechtes Leben in der Herde. [&hellip;]<\/p>\n","protected":false},"author":2,"featured_media":0,"parent":120,"menu_order":1,"comment_status":"closed","ping_status":"closed","template":"","meta":{"footnotes":""},"_links":{"self":[{"href":"https:\/\/www.hofgut-braunenberg.de\/index.php\/wp-json\/wp\/v2\/pages\/239"}],"collection":[{"href":"https:\/\/www.hofgut-braunenberg.de\/index.php\/wp-json\/wp\/v2\/pages"}],"about":[{"href":"https:\/\/www.hofgut-braunenberg.de\/index.php\/wp-json\/wp\/v2\/types\/page"}],"author":[{"embeddable":true,"href":"https:\/\/www.hofgut-braunenberg.de\/index.php\/wp-json\/wp\/v2\/users\/2"}],"replies":[{"embeddable":true,"href":"https:\/\/www.hofgut-braunenberg.de\/index.php\/wp-json\/wp\/v2\/comments?post=239"}],"version-history":[{"count":64,"href":"https:\/\/www.hofgut-braunenberg.de\/index.php\/wp-json\/wp\/v2\/pages\/239\/revisions"}],"predecessor-version":[{"id":2194,"href":"https:\/\/www.hofgut-braunenberg.de\/index.php\/wp-json\/wp\/v2\/pages\/239\/revisions\/2194"}],"up":[{"embeddable":true,"href":"https:\/\/www.hofgut-braunenberg.de\/index.php\/wp-json\/wp\/v2\/pages\/120"}],"wp:attachment":[{"href":"https:\/\/www.hofgut-braunenberg.de\/index.php\/wp-json\/wp\/v2\/media?parent=239"}],"curies":[{"name":"wp","href":"https:\/\/api.w.org\/{rel}","templated":true}]}}