{"id":237,"date":"2020-12-01T14:21:13","date_gmt":"2020-12-01T14:21:13","guid":{"rendered":"https:\/\/hofgut-brauenberg.com\/?page_id=237"},"modified":"2023-01-31T15:14:41","modified_gmt":"2023-01-31T14:14:41","slug":"kontakt-presse","status":"publish","type":"page","link":"https:\/\/www.hofgut-braunenberg.de\/index.php\/kontakt-presse\/","title":{"rendered":"Presse &#038; Kontakt"},"content":{"rendered":"<h1>Unsere Arbeit in der Presse<\/h1>\n<hr>\n<div>\n<p>\u00a0\u00a0<\/p>\n<\/div>\n<ul>\n<li>\n<p>        <img decoding=\"async\" src=\"\/wp-content\/uploads\/2023\/01\/Presse_Suedkurier_2022-scaled.jpg\" alt=\"\"><\/p>\n<h3>Hier haben Menschen ein Herz f\u00fcr Tiere<\/h3>\n<div>\n<p>S\u00fcdkurier Weihnachtsausgabe 2022<\/p>\n<\/div>\n<\/li>\n<li>\n<p>        <img decoding=\"async\" src=\"\/wp-content\/uploads\/2023\/01\/Suedkurier_Mit-einem-Esel-fing-alles-an_2015-scaled.jpg\" alt=\"\"><\/p>\n<h3>Mit einem Esel fing alles an<\/h3>\n<div>\n<p>S\u00fcdkurier April 2015<\/p>\n<\/div>\n<\/li>\n<li>\n<p>        <img decoding=\"async\" src=\"\/wp-content\/uploads\/2023\/01\/Samstagsgespraech-mit-Katharina-Buettiker_final.png\" alt=\"\"><\/p>\n<h3>Samstagsgespr\u00e4ch mit Katharina B\u00fcttiker<\/h3>\n<div>\n<p>Tages-Anzeiger 2012<\/p>\n<\/p>\n<\/p>\n<\/div>\n<\/li>\n<\/ul>\n<ul>\n<li>\n<h3>Ansprechpartner<\/h3>\n<div>\n<p>\u00a0<br \/><a href=\"mailto:hofgut-braunenberg@web.de\">hofgut-braunenberg@web.de\u00a0<\/a><br \/><a href=\"tel:+491726604357\"><span>+49 (0)7771 875 970<\/span><\/a><\/p>\n<\/div>\n<\/li>\n<li>\n<h3>Logo f\u00fcr Druck<\/h3>\n<div>\n<p>Bitte geben Sie bei Verwendung immer die Quelle <span>\u00a9\u00a0<\/span><span>Hofgut Braunenberg an.<\/span><\/p>\n<p><a href=\"https:\/\/hofgut-brauenberg.com\/wp-content\/uploads\/2021\/07\/Logos_print.zip\">Download Logos<\/a><\/p>\n<\/div>\n<\/li>\n<li>\n<h3>Bilder vom Hofgut Braunenberg<\/h3>\n<div>\n<p>Bei Verwendung bitte immer den Fotografen als Quelle nennen.<\/p>\n<p><a href=\"https:\/\/hofgut-brauenberg.com\/wp-content\/uploads\/2021\/07\/BilderHofgut_CMYK.zip\">Download Bilder<\/a><\/p>\n<\/div>\n<\/li>\n<\/ul>\n<hr>\n<div>\n<p>47.8603,8.9691<\/p>\n<h3>Hofgut Braunenberg<\/h3>\n<div>Braunenberg 2<br \/>\n78333 Stockach<br \/>\nDeutschland<\/div>\n<\/div>\n<hr>\n<p><!--more--><br \/>\n<!-- {\"name\":\"Contact\",\"type\":\"layout\",\"children\":[{\"name\":\"Einfacher Einstieg\",\"type\":\"section\",\"props\":{\"animation\":\"fade\",\"image\":\"\",\"image_position\":\"bottom-left\",\"image_width\":\"500\",\"media_overlay\":\"rgba(251, 251, 251, 0.85)\",\"media_visibility\":\"m\",\"padding\":\"large\",\"padding_remove_bottom\":false,\"style\":\"default\",\"title\":\"\",\"title_breakpoint\":\"xl\",\"title_position\":\"top-left\",\"title_rotation\":\"left\",\"vertical_align\":\"middle\",\"width\":\"large\"},\"children\":[{\"name\":\"\",\"type\":\"row\",\"children\":[{\"name\":\"\",\"type\":\"column\",\"props\":{\"image\":\"\",\"image_position\":\"center-center\",\"media_overlay_gradient\":\"\",\"position_sticky_breakpoint\":\"m\",\"width_medium\":\"1-1\"},\"children\":[{\"type\":\"headline\",\"props\":{\"animation\":\"none\",\"content\":\"Unsere Arbeit in der Presse\",\"text_align\":\"center\",\"title_element\":\"h1\"}},{\"type\":\"divider\",\"props\":{\"divider_element\":\"hr\",\"divider_style\":\"icon\"}},{\"type\":\"text\",\"props\":{\"column_breakpoint\":\"m\",\"content\":\"\n\n<p>\\u00a0\\u00a0<\\\/p>\",\"margin\":\"default\"}},{\"type\":\"accordion\",\"props\":{\"collapsible\":true,\"content_column_breakpoint\":\"m\",\"image_align\":\"top\",\"image_grid_breakpoint\":\"m\",\"image_grid_width\":\"1-2\",\"image_svg_color\":\"emphasis\",\"link_style\":\"default\",\"link_text\":\"Read more\",\"show_image\":true,\"show_link\":true},\"children\":[{\"type\":\"accordion_item\",\"props\":{\"content\":\"\n\n<p>S\\u00fcdkurier Weihnachtsausgabe 2022<\\\/p>\",\"image\":\"wp-content\\\/uploads\\\/2023\\\/01\\\/Presse_Suedkurier_2022-scaled.jpg\",\"title\":\"Hier haben Menschen ein Herz f\\u00fcr Tiere\"}},{\"type\":\"accordion_item\",\"props\":{\"content\":\"\n\n<p>S\\u00fcdkurier April 2015<\\\/p>\",\"image\":\"wp-content\\\/uploads\\\/2023\\\/01\\\/Suedkurier_Mit-einem-Esel-fing-alles-an_2015-scaled.jpg\",\"title\":\"Mit einem Esel fing alles an\"}},{\"type\":\"accordion_item\",\"props\":{\"content\":\"\n\n<p>Tages-Anzeiger 2012<\\\/p>\\n\n\n<p><\\\/p>\\n\n\n<p><\\\/p>\\n\n\n<p><\\\/p>\",\"image\":\"wp-content\\\/uploads\\\/2023\\\/01\\\/Samstagsgespraech-mit-Katharina-Buettiker_final.png\",\"title\":\"Samstagsgespr\\u00e4ch mit Katharina B\\u00fcttiker\"}}]}]}]}]},{\"name\":\"Directions\",\"type\":\"section\",\"props\":{\"animation\":\"fade\",\"image_position\":\"center-center\",\"style\":\"default\",\"title_breakpoint\":\"xl\",\"title_position\":\"top-left\",\"title_rotation\":\"left\",\"vertical_align\":\"middle\",\"width\":\"xlarge\"},\"children\":[{\"name\":\"\",\"type\":\"row\",\"children\":[{\"name\":\"\",\"type\":\"column\",\"props\":{\"image_position\":\"center-center\",\"media_overlay_gradient\":\"\",\"position_sticky_breakpoint\":\"m\",\"width_medium\":\"1-1\"},\"children\":[{\"name\":\"\",\"type\":\"grid\",\"props\":{\"content_column_breakpoint\":\"m\",\"filter_align\":\"left\",\"filter_all\":true,\"filter_grid_breakpoint\":\"m\",\"filter_grid_width\":\"auto\",\"filter_position\":\"top\",\"filter_style\":\"tab\",\"grid_column_gap\":\"large\",\"grid_default\":\"1\",\"grid_divider\":true,\"grid_medium\":\"3\",\"grid_row_gap\":\"large\",\"icon_width\":80,\"image_align\":\"top\",\"image_grid_breakpoint\":\"m\",\"image_grid_width\":\"1-2\",\"image_svg_color\":\"emphasis\",\"item_animation\":true,\"item_maxwidth\":\"xlarge\",\"link_style\":\"default\",\"link_text\":\"Read more\",\"margin\":\"large\",\"margin_remove_top\":false,\"meta_align\":\"below-title\",\"meta_element\":\"div\",\"meta_style\":\"text-meta\",\"parallax_easing\":\"1\",\"show_content\":true,\"show_image\":true,\"show_link\":true,\"show_meta\":true,\"show_title\":true,\"text_align\":\"left\",\"title_align\":\"top\",\"title_color\":\"muted\",\"title_element\":\"h3\",\"title_grid_breakpoint\":\"m\",\"title_grid_width\":\"1-2\",\"title_hover_style\":\"reset\",\"title_style\":\"h6\"},\"children\":[{\"name\":\"\",\"type\":\"grid_item\",\"props\":{\"content\":\"\n\n<p>\\u00a0<br \\\/><a href=\\\"mailto:hofgut-braunenberg@web.de\\\">hofgut-braunenberg@web.de\\u00a0<\\\/a><br \\\/><a href=\\\"tel:+491726604357\\\"><span>+49 (0)7771 875 970<\\\/span><\\\/a><\\\/p>\",\"title\":\"Ansprechpartner\"}},{\"name\":\"\",\"type\":\"grid_item\",\"props\":{\"content\":\"\n\n<p>Bitte geben Sie bei Verwendung immer die Quelle <span>\\u00a9\\u00a0<\\\/span><span>Hofgut Braunenberg an.<\\\/span><\\\/p>\\n\n\n<p><a href=\\\"https:\\\/\\\/hofgut-brauenberg.com\\\/wp-content\\\/uploads\\\/2021\\\/07\\\/Logos_print.zip\\\">Download Logos<\\\/a><\\\/p>\",\"title\":\"Logo f\\u00fcr Druck\"}},{\"name\":\"\",\"type\":\"grid_item\",\"props\":{\"content\":\"\n\n<p>Bei Verwendung bitte immer den Fotografen als Quelle nennen.<\\\/p>\\n\n\n<p><a href=\\\"https:\\\/\\\/hofgut-brauenberg.com\\\/wp-content\\\/uploads\\\/2021\\\/07\\\/BilderHofgut_CMYK.zip\\\">Download Bilder<\\\/a><\\\/p>\",\"title\":\"Bilder vom Hofgut Braunenberg\"}}]},{\"name\":\"\",\"type\":\"divider\",\"props\":{\"divider_element\":\"hr\",\"divider_style\":\"icon\",\"margin\":\"xlarge\"}}]}]}]},{\"name\":\"Map\",\"type\":\"section\",\"props\":{\"animation\":\"fade\",\"image_position\":\"center-center\",\"padding_remove_top\":true,\"style\":\"default\",\"title_breakpoint\":\"xl\",\"title_position\":\"top-left\",\"title_rotation\":\"left\",\"vertical_align\":\"middle\",\"width\":\"xlarge\"},\"children\":[{\"name\":\"\",\"type\":\"row\",\"children\":[{\"name\":\"\",\"type\":\"column\",\"props\":{\"image_position\":\"center-center\",\"media_overlay_gradient\":\"\",\"position_sticky_breakpoint\":\"m\",\"width_medium\":\"1-1\"},\"children\":[{\"name\":\"\",\"type\":\"map\",\"props\":{\"controls\":false,\"dragging\":true,\"height\":\"600\",\"image_svg_color\":\"emphasis\",\"link_style\":\"default\",\"link_text\":\"Read more\",\"margin\":\"default\",\"max_zoom\":18,\"meta_align\":\"below-title\",\"meta_element\":\"div\",\"meta_style\":\"text-meta\",\"min_zoom\":0,\"poi\":false,\"show_content\":true,\"show_image\":true,\"show_link\":true,\"show_meta\":true,\"show_title\":true,\"title_element\":\"h3\",\"title_hover_style\":\"reset\",\"type\":\"roadmap\",\"zoom\":\"11\",\"zooming\":false},\"children\":[{\"name\":\"\",\"type\":\"map_item\",\"props\":{\"content\":\"Braunenberg 2<br \/>\\n78333 Stockach<br \\\/>\\nDeutschland\",\"hide\":false,\"location\":\"47.8603,8.9691\",\"show_popup\":true,\"title\":\"Hofgut Braunenberg\"}}]}]}]},{\"type\":\"row\",\"children\":[{\"type\":\"column\",\"props\":{\"image_position\":\"center-center\",\"media_overlay_gradient\":\"\",\"position_sticky_breakpoint\":\"m\"},\"children\":[{\"type\":\"divider\",\"props\":{\"divider_element\":\"hr\",\"divider_style\":\"icon\"}}]}]}]}],\"version\":\"3.0.14\"} --><\/p>\n","protected":false},"excerpt":{"rendered":"<p>Unsere Arbeit in der Presse \u00a0\u00a0 Hier haben Menschen ein Herz f\u00fcr Tiere S\u00fcdkurier Weihnachtsausgabe 2022 Mit einem Esel fing alles an S\u00fcdkurier April 2015 Samstagsgespr\u00e4ch mit Katharina B\u00fcttiker Tages-Anzeiger 2012 Ansprechpartner \u00a0hofgut-braunenberg@web.de\u00a0+49 (0)7771 875 970 Logo f\u00fcr Druck Bitte geben Sie bei Verwendung immer die Quelle \u00a9\u00a0Hofgut Braunenberg an. Download Logos Bilder vom Hofgut [&hellip;]<\/p>\n","protected":false},"author":2,"featured_media":0,"parent":0,"menu_order":6,"comment_status":"closed","ping_status":"closed","template":"","meta":{"footnotes":""},"_links":{"self":[{"href":"https:\/\/www.hofgut-braunenberg.de\/index.php\/wp-json\/wp\/v2\/pages\/237"}],"collection":[{"href":"https:\/\/www.hofgut-braunenberg.de\/index.php\/wp-json\/wp\/v2\/pages"}],"about":[{"href":"https:\/\/www.hofgut-braunenberg.de\/index.php\/wp-json\/wp\/v2\/types\/page"}],"author":[{"embeddable":true,"href":"https:\/\/www.hofgut-braunenberg.de\/index.php\/wp-json\/wp\/v2\/users\/2"}],"replies":[{"embeddable":true,"href":"https:\/\/www.hofgut-braunenberg.de\/index.php\/wp-json\/wp\/v2\/comments?post=237"}],"version-history":[{"count":51,"href":"https:\/\/www.hofgut-braunenberg.de\/index.php\/wp-json\/wp\/v2\/pages\/237\/revisions"}],"predecessor-version":[{"id":1307,"href":"https:\/\/www.hofgut-braunenberg.de\/index.php\/wp-json\/wp\/v2\/pages\/237\/revisions\/1307"}],"wp:attachment":[{"href":"https:\/\/www.hofgut-braunenberg.de\/index.php\/wp-json\/wp\/v2\/media?parent=237"}],"curies":[{"name":"wp","href":"https:\/\/api.w.org\/{rel}","templated":true}]}}